{"id":336,"date":"2022-06-02T07:38:07","date_gmt":"2022-06-02T05:38:07","guid":{"rendered":"https:\/\/nowa.osirsuchedniow.pl\/?page_id=336"},"modified":"2022-12-27T21:58:16","modified_gmt":"2022-12-27T20:58:16","slug":"deklaracja-dostepnosci","status":"publish","type":"page","link":"https:\/\/nowa.osirsuchedniow.pl\/index.php\/deklaracja-dostepnosci\/","title":{"rendered":"Deklaracja Dost\u0119pno\u015bci"},"content":{"rendered":"\t\t<div data-elementor-type=\"wp-page\" data-elementor-id=\"336\" class=\"elementor elementor-336\">\n\t\t\t\t\t\t\t\t\t<section class=\"elementor-section elementor-top-section elementor-element elementor-element-6ceac3f0 elementor-section-boxed elementor-section-height-default elementor-section-height-default\" data-id=\"6ceac3f0\" data-element_type=\"section\" data-settings=\"{&quot;background_background&quot;:&quot;classic&quot;}\">\n\t\t\t\t\t\t\t<div class=\"elementor-background-overlay\"><\/div>\n\t\t\t\t\t\t\t<div class=\"elementor-container elementor-column-gap-no\">\n\t\t\t\t\t<div class=\"elementor-column elementor-col-100 elementor-top-column elementor-element elementor-element-4f5f0ec8\" data-id=\"4f5f0ec8\" data-element_type=\"column\">\n\t\t\t<div class=\"elementor-widget-wrap\">\n\t\t\t\t\t\t\t\t\t<\/div>\n\t\t<\/div>\n\t\t\t\t\t\t\t<\/div>\n\t\t<\/section>\n\t\t\t\t<section class=\"elementor-section elementor-top-section elementor-element elementor-element-536825d elementor-section-boxed elementor-section-height-default elementor-section-height-default\" data-id=\"536825d\" data-element_type=\"section\">\n\t\t\t\t\t\t<div class=\"elementor-container elementor-column-gap-default\">\n\t\t\t\t\t<div class=\"elementor-column elementor-col-100 elementor-top-column elementor-element elementor-element-e8e9316\" data-id=\"e8e9316\" data-element_type=\"column\">\n\t\t\t<div class=\"elementor-widget-wrap elementor-element-populated\">\n\t\t\t\t\t\t\t\t<div class=\"elementor-element elementor-element-69bcc31 elementor-widget elementor-widget-text-editor\" data-id=\"69bcc31\" data-element_type=\"widget\" data-widget_type=\"text-editor.default\">\n\t\t\t\t<div class=\"elementor-widget-container\">\n\t\t\t<style>\/*! elementor - v3.9.2 - 21-12-2022 *\/\n.elementor-widget-text-editor.elementor-drop-cap-view-stacked .elementor-drop-cap{background-color:#818a91;color:#fff}.elementor-widget-text-editor.elementor-drop-cap-view-framed .elementor-drop-cap{color:#818a91;border:3px solid;background-color:transparent}.elementor-widget-text-editor:not(.elementor-drop-cap-view-default) .elementor-drop-cap{margin-top:8px}.elementor-widget-text-editor:not(.elementor-drop-cap-view-default) .elementor-drop-cap-letter{width:1em;height:1em}.elementor-widget-text-editor .elementor-drop-cap{float:left;text-align:center;line-height:1;font-size:50px}.elementor-widget-text-editor .elementor-drop-cap-letter{display:inline-block}<\/style>\t\t\t\t<h3>Deklaracja Dost\u0119pno\u015bci<br \/>O\u015brodek Sportu i Rekreacji w Suchedniowie<\/h3><p>\u00a0<\/p><p>O\u015brodek Sportu i Rekreacji w Suchedniowie zobowi\u0105zuje si\u0119 zapewni\u0107 dost\u0119pno\u015b\u0107 swojej strony internetowej zgodnie z przepisami ustawy z dnia 4 kwietnia 2019 r. o dost\u0119pno\u015bci cyfrowej stron internetowych i aplikacji mobilnych podmiot\u00f3w publicznych.<\/p><p>Deklaracja dost\u0119pno\u015bci dotyczy strony internetowej osirsuchedniow.pl<\/p><p>Data publikacji strony internetowej:\u00a02017.05.14. Data ostatniej du\u017cej aktualizacji:\u00a0 2021.01.08<\/p><p><strong>Strona internetowa jest cz\u0119\u015bciowo zgodna\u00a0<\/strong>z ustaw\u0105 z dnia 4 kwietnia 2019 r. o dost\u0119pno\u015bci cyfrowej stron internetowych i aplikacji mobilnych podmiot\u00f3w publicznych z powodu niezgodno\u015bci lub wy\u0142\u0105cze\u0144 wymienionych poni\u017cej:<\/p><ul><li><strong>Mog\u0105 zdarzy\u0107 si\u0119 sytuacje (pomimo stara\u0144 redaktora), \u017ce pewne dokumenty opublikowane na stronie mog\u0105 by\u0107 niedost\u0119pne do pobrania lub w formatach niezgodnych ze standardem WCAG 2.1 w przypadku je\u015bli s\u0105 pozyskane z innych instytucji.<\/strong><\/li><li><strong>Niekt\u00f3re materia\u0142y graficzne (zdj\u0119cia) nie maj\u0105 w pe\u0142ni dok\u0142adnych opis\u00f3w.<\/strong><\/li><li><strong>Niekt\u00f3re materia\u0142y tekstowe nie maj\u0105 prawid\u0142owej hierarchii nag\u0142\u00f3wk\u00f3w.<\/strong><\/li><li><strong>Filmy nie posiadaj\u0105 napis\u00f3w dla os\u00f3b nies\u0142ysz\u0105cych lub t\u0142umacze\u0144 na j\u0119zyk migowy.<\/strong><\/li><\/ul><p>O\u015bwiadczenie sporz\u0105dzono dnia\u00a02021.03.19.<\/p><p>Deklaracja zosta\u0142a poddana przegl\u0105dowi i aktualizacji dnia 2021.08.24.<\/p><p>Deklaracj\u0119 sporz\u0105dzono na podstawie samooceny przeprowadzonej przez podmiot publiczny.<\/p><p>Na tej stronie internetowej mo\u017cna korzysta\u0107 ze standardowych skr\u00f3t\u00f3w klawiaturowych.<\/p><h2>Informacje zwrotne i dane kontaktowe<\/h2><p>Potrzebujesz informacji w innej formie ni\u017c prezentowana na stronie internetowej? Skontaktuj si\u0119 z nami!<\/p><p>W zg\u0142oszeniu podaj:<\/p><ul><li>adres internetowych strony, na kt\u00f3rej jest niedost\u0119pna dla Ciebie tre\u015b\u0107,<\/li><li>swoje imi\u0119 i nazwisko,<\/li><li>swoje dane kontaktowe (np. numer telefonu, e-mail)<\/li><li>informacje, jaki spos\u00f3b przekazania informacji jest dla Ciebie najwygodniejszy (np. druk powi\u0119kszony, informacja d\u017awi\u0119kowa),<\/li><\/ul><p>Na tej stronie internetowej s\u0105 problemy, kt\u00f3re wed\u0142ug Ciebie, wynikaj\u0105 z niespe\u0142nienia wymog\u00f3w dost\u0119pno\u015bci cyfrowej? Zg\u0142o\u015b to do nas.<\/p><p>Za wszystkie kwestie zwi\u0105zane z dost\u0119pno\u015bci\u0105 cyfrow\u0105 i udost\u0119pnianiem tre\u015bci z tej strony internetowej odpowiada Pan Micha\u0142 Miernik. Mo\u017cesz skontaktowa\u0107 si\u0119 z nim\u00a0mailowo \u2013 admin@osirduchediow.pl\u00a0lub telefonicznie \u2013 +48\u00a0518\u00a0336 751.<\/p><h2><strong>Obs\u0142uga wniosk\u00f3w i skarg zwi\u0105zanych z dost\u0119pno\u015bci\u0105<\/strong><\/h2><p>Na Twoje zg\u0142oszenie odpowiemy najszybciej jak to mo\u017cliwe, nie p\u00f3\u017aniej ni\u017c w ci\u0105gu 7 dni od jego otrzymania.<\/p><p>Je\u017celi ten termin b\u0119dzie dla nas zbyt kr\u00f3tki poinformujemy Ci\u0119 o tym. W tej informacji podamy nowy termin, do kt\u00f3rego poprawimy zg\u0142oszone przez Ciebie b\u0142\u0119dy lub przygotujemy informacje w alternatywny spos\u00f3b. Ten nowy termin nie b\u0119dzie d\u0142u\u017cszy ni\u017c 2 miesi\u0105ce.<\/p><p>Je\u017celi nie b\u0119dziemy w stanie zapewni\u0107 dost\u0119pno\u015bci cyfrowej strony internetowej lub tre\u015bci, z\u00a0Twojego zg\u0142oszenia, zaproponujemy Ci dost\u0119p do nich w alternatywny spos\u00f3b.<\/p><p>Je\u017celi nasze dzia\u0142ania nie b\u0119d\u0105 dla Ciebie zadowalaj\u0105ce, mo\u017cesz zg\u0142osi\u0107 skarg\u0119 do Pani Urszuli Matli. Mo\u017cesz skontaktowa\u0107 si\u0119 z ni\u0105 mailowo \u2013 recepcja@osirsuchedniow.pl lub telefonicznie +48\u00a0518\u00a0336 751. Je\u017celi nadal b\u0119dziesz mie\u0107 uwagi do naszych dzia\u0142a\u0144 zwi\u0105zane z dost\u0119pno\u015bci\u0105 cyfrow\u0105 mo\u017cesz zg\u0142osi\u0107 je do\u00a0<a href=\"https:\/\/www.rpo.gov.pl\/content\/kontakt\">Rzecznika Praw Obywatelskich<\/a>.<\/p><h2>Dost\u0119pno\u015b\u0107 architektoniczna<\/h2><h3><strong>O\u015brodek Sportu i Rekreacji w Suchedniowie \u2013 Camping nr 140, ul. Ogrodowa 11, 26-130 Suchedni\u00f3w<\/strong><\/h3><ol><li>Na teren obiektu prowadzi szeroka brama wjazdowa.<\/li><li>Po prawej stronie za bram\u0105 wjazdow\u0105 znajduje si\u0119 recepcja, w centralnym miejscu \u015bciany frontowej znajduje si\u0119 g\u0142\u00f3wne wej\u015bcie do recepcji.<\/li><li>Do wszystkich pomieszcze\u0144 obiektu mo\u017cna wej\u015b\u0107 z psem asystuj\u0105cym i psem przewodnikiem.<\/li><li>Korytarze znajduj\u0105ce si\u0119 w budynku s\u0105 dost\u0119pne dla os\u00f3b z niepe\u0142nosprawno\u015bciami.<\/li><li>Na terenie obiektu nie znajduj\u0105 si\u0119 windy.<\/li><li>Wej\u015bcia nie s\u0105 zabezpieczone bramkami.<\/li><li>Na terenie obiektu nie zastosowano urz\u0105dze\u0144 i innych \u015brodk\u00f3w technicznych do obs\u0142ugi os\u00f3b s\u0142abos\u0142ysz\u0105cych.<\/li><li>Brak oznacze\u0144 w alfabecie Braille\u2019a, oraz brak p\u0119tli indukcyjnych.<\/li><li>Przed obiektem znajduje si\u0119 parking z 2 miejscami dla niepe\u0142nosprawnych.<\/li><li>Wjazd prowadzi na parking dla go\u015bci i klient\u00f3w, pierwsze miejsce parkingowe jest oznaczone dla os\u00f3b z niepe\u0142nosprawno\u015bciami.<\/li><li>Domki letniskowe nie s\u0105 przystosowane dla os\u00f3b poruszaj\u0105cych si\u0119 na w\u00f3zkach.<\/li><li>W g\u0142\u00f3wnym budynku noclegowym na parterze znajduj\u0105 si\u0119 pokoje przystosowane dla os\u00f3b niepe\u0142nosprawnych.<\/li><li>Do budynku prowadzi rampa dla w\u00f3zk\u00f3w zlokalizowana po lewej stronie schod\u00f3w prowadz\u0105cych do drzwi.<\/li><li>Na parterze budynku znajduje si\u0119 toaleta i prysznic przystosowane dla os\u00f3b z\u00a0niepe\u0142nosprawno\u015bciami, jest mo\u017cliwo\u015b\u0107 wjazdu przez boczne drzwi, po prawej stronie drzwi znajduje si\u0119 rampa dla os\u00f3b z niepe\u0142nosprawno\u015bciami.<\/li><li>Zaplecze kuchenne dla os\u00f3b z niepe\u0142nosprawno\u015bciami znajduje si\u0119 na parterze budynku.<\/li><li>Pole campingowe jest dost\u0119pne dla os\u00f3b z niepe\u0142nosprawno\u015bciami, z wy\u0142\u0105czeniem zaplecza kuchennego i sanitariatu.<\/li><li>Nie istnieje mo\u017cliwo\u015b\u0107 skorzystania z t\u0142umacza j\u0119zyka migowego.<\/li><\/ol><h3>O\u015brodek Sportu i Rekreacji w Suchedniowie \u2013 Hala Sportowo \u2013 Rehabilitacyjna, ul.\u00a0Sportowa 5, 26-130 Suchedni\u00f3w<\/h3><ol><li>Na teren obiektu prowadzi szeroka brama wjazdowa.<\/li><li>Na parkingu nie ma wyznaczonych miejsc dla os\u00f3b z niepe\u0142nosprawno\u015bciami.<\/li><li>Wej\u015bcie dla os\u00f3b niepe\u0142nosprawnych znajduje si\u0119 po lewej stronie wej\u015bcia g\u0142\u00f3wnego, prowadzi do niego podjazd dla os\u00f3b na w\u00f3zkach.<\/li><li>Drzwi do toalety dla os\u00f3b niepe\u0142nosprawnych znajduj\u0105 si\u0119 w korytarzu po prawej stronie od wej\u015bcia.<\/li><li>Ca\u0142y parter budynku jest dost\u0119pny dla os\u00f3b z niepe\u0142nosprawno\u015bciami.<\/li><li>Do wszystkich pomieszcze\u0144 obiektu mo\u017cna wej\u015b\u0107 z psem asystuj\u0105cym i psem przewodnikiem.<\/li><li>Korytarze znajduj\u0105ce si\u0119 w budynku s\u0105 dost\u0119pne dla os\u00f3b z niepe\u0142nosprawno\u015bciami.<\/li><li>Na terenie obiektu nie znajduj\u0105 si\u0119 windy.<\/li><li>Wej\u015bcia nie s\u0105 zabezpieczone bramkami.<\/li><li>Na terenie obiektu nie zastosowano urz\u0105dze\u0144 i innych \u015brodk\u00f3w technicznych do obs\u0142ugi os\u00f3b s\u0142abos\u0142ysz\u0105cych.<\/li><li>Brak oznacze\u0144 w alfabecie Braille\u2019a, oraz brak p\u0119tli indukcyjnych.<\/li><li>Nie istnieje mo\u017cliwo\u015b\u0107 skorzystania z t\u0142umacza j\u0119zyka migowego.<\/li><\/ol><h3>O\u015brodek Sportu i Rekreacji w Suchedniowie \u2013 Stadion, ul.\u00a0 Sportowa 5, 26-130 Suchedni\u00f3w<\/h3><ol><li>Na teren obiektu prowadzi szeroka brama wjazdowa.<\/li><li>Na parkingu znajduje si\u0119 jedno miejsce dla os\u00f3b z niepe\u0142nosprawno\u015bciami.<\/li><li>Na terenie obiektu nie znajduj\u0105 si\u0119 windy.<\/li><li>Wej\u015bcia nie s\u0105 zabezpieczone bramkami.<\/li><li>Na terenie obiektu nie zastosowano urz\u0105dze\u0144 i innych \u015brodk\u00f3w technicznych do obs\u0142ugi os\u00f3b s\u0142abos\u0142ysz\u0105cych.<\/li><li>Brak oznacze\u0144 w alfabecie Braille\u2019a, oraz brak p\u0119tli indukcyjnych.<\/li><li>Nie istnieje mo\u017cliwo\u015b\u0107 skorzystania z t\u0142umacza j\u0119zyka migowego.<\/li><li>Dla os\u00f3b niepe\u0142nosprawnych jest dost\u0119pny ca\u0142y teren przed trybunami<\/li><\/ol><h2>Aplikacje mobilne<\/h2><p>O\u015brodek Sportu i Rekreacji w Suchedniowie nie udost\u0119pnia aplikacji mobilnych.<\/p><h2>Informacje dodatkowe<\/h2><p>Wszystkie informacje publikowane przez nas w mediach spo\u0142eczno\u015bciowych s\u0105 dost\u0119pne cyfrowo i\u00a0nie umieszczamy ich ponownie na \u00a0stronie internetowej.<\/p>\t\t\t\t\t\t<\/div>\n\t\t\t\t<\/div>\n\t\t\t\t\t<\/div>\n\t\t<\/div>\n\t\t\t\t\t\t\t<\/div>\n\t\t<\/section>\n\t\t\t\t\t\t\t<\/div>\n\t\t","protected":false},"excerpt":{"rendered":"<p>Deklaracja Dost\u0119pno\u015bciO\u015brodek Sportu i Rekreacji w Suchedniowie \u00a0 O\u015brodek Sportu i Rekreacji w Suchedniowie zobowi\u0105zuje si\u0119 zapewni\u0107 dost\u0119pno\u015b\u0107 swojej strony internetowej zgodnie z przepisami ustawy z dnia 4 kwietnia 2019 r. o dost\u0119pno\u015bci cyfrowej stron internetowych i aplikacji mobilnych podmiot\u00f3w publicznych. Deklaracja dost\u0119pno\u015bci dotyczy strony internetowej osirsuchedniow.pl Data publikacji strony internetowej:\u00a02017.05.14. Data ostatniej du\u017cej aktualizacji:\u00a0 [&hellip;]<\/p>\n","protected":false},"author":1,"featured_media":0,"parent":0,"menu_order":0,"comment_status":"closed","ping_status":"closed","template":"","meta":{"footnotes":""},"class_list":["post-336","page","type-page","status-publish","hentry"],"_links":{"self":[{"href":"https:\/\/nowa.osirsuchedniow.pl\/index.php\/wp-json\/wp\/v2\/pages\/336","targetHints":{"allow":["GET"]}}],"collection":[{"href":"https:\/\/nowa.osirsuchedniow.pl\/index.php\/wp-json\/wp\/v2\/pages"}],"about":[{"href":"https:\/\/nowa.osirsuchedniow.pl\/index.php\/wp-json\/wp\/v2\/types\/page"}],"author":[{"embeddable":true,"href":"https:\/\/nowa.osirsuchedniow.pl\/index.php\/wp-json\/wp\/v2\/users\/1"}],"replies":[{"embeddable":true,"href":"https:\/\/nowa.osirsuchedniow.pl\/index.php\/wp-json\/wp\/v2\/comments?post=336"}],"version-history":[{"count":10,"href":"https:\/\/nowa.osirsuchedniow.pl\/index.php\/wp-json\/wp\/v2\/pages\/336\/revisions"}],"predecessor-version":[{"id":423,"href":"https:\/\/nowa.osirsuchedniow.pl\/index.php\/wp-json\/wp\/v2\/pages\/336\/revisions\/423"}],"wp:attachment":[{"href":"https:\/\/nowa.osirsuchedniow.pl\/index.php\/wp-json\/wp\/v2\/media?parent=336"}],"curies":[{"name":"wp","href":"https:\/\/api.w.org\/{rel}","templated":true}]}}